u and t?
10
Let m = -17 + 21. What is the greatest common divisor of 16 and m?
4
Let w(f) = -8*f - 4. Let s(o) = 8*o + 4. Let r(h) = -6*s(h) - 5*w(h). Let a be r(-7). Calculate the greatest common divisor of 13 and a.
13
Suppose l - 4*k = 21, 29 = -5*l + 5*k + 89. Calculate the highest common divisor of l and 6.
3
Suppose -3*o = -0*o - 72. Let t be ((-6)/(-8))/((-4)/(-128)). What is the greatest common divisor of t and o?
24
Suppose -3*w + 4 = h, -2*h - 3*w + 1 + 4 = 0. Calculate the greatest common factor of h and 5.
1
Let l = -36 + 63. Let m be 2 + -2 + (0 - -2). Suppose 5*j = 5, -m*c - 2*j + 0*j = -38. Calculate the highest common divisor of l and c.
9
Let j = 71 - 67. What is the greatest common divisor of j and 4?
4
Let o = -20 + 14. Let i(x) = 2*x**2 + 5*x + 3. Let m be i(o). Suppose f + 0 - 5 = 0. What is the highest common divisor of f and m?
5
Suppose 112 = 4*k - 2*k - 3*d, 5*k - d = 267. Suppose -i + 3*x + 29 + 10 = 0, -4*x = i - k. Calculate the greatest common divisor of 9 and i.
9
Let t(h) = h**3 + 17*h**2 + 16*h + 2. Let g be t(-16). Suppose 0 = 5*i - 4*a - 93, g*i - 2 = -3*a + 49. What is the greatest common factor of 7 and i?
7
Suppose -15*o + 236 = 11. Calculate the greatest common factor of o and 10.
5
Suppose 2*o + 2*j = 26, 4*o - j - 29 = 3. What is the greatest common factor of 36 and o?
9
Let h = 37 - 19. Suppose 4*c - 3*z = -813, 5*c + 1021 = -2*z + z. Let l = -6 - c. What is the greatest common factor of h and l?
18
Suppose 5*h + 33 = 3. Let p be h/(-21) - 94/(-14). What is the highest common factor of 35 and p?
7
Let t be 1582/(-6) + -7*(-2)/21. Suppose 0 = -3*a - 5 + 14. Let c be 2/6 - t/a. Calculate the highest common factor of c and 11.
11
Let b be 20/2 - (10 - 6). Let c be -2*(-1 - (-1)/(-2)). What is the highest common factor of c and b?
3
Let a = 3 - -11. Let i(u) = -u**3 + 4*u**2 + 3*u - 4. Let q(f) = f + 6. Let z be q(-3). Let w be i(z). Calculate the highest common factor of w and a.
14
Suppose 3*l = 2*l - 9. Let b = 4 - l. Let s(i) = 3*i**2 - 2*i - 3. Let q be s(-2). Calculate the highest common divisor of b and q.
13
Suppose -3 = 5*z - 28. Let t be 0 + -1 - (-3 - z). What is the highest common factor of 7 and t?
7
Let c(l) = -l**3 + l**2 + 2*l - 3. Let i be c(2). Let g be (-12)/8*2/i. Suppose 2*b - 59 = g. Calculate the greatest common divisor of 6 and b.
6
Suppose 0 = -5*a + 18 + 2. Suppose -50 = 2*k + 3*c - 158, -a = c. Let j be (0 - 1) + (2 - -23). Calculate the greatest common divisor of j and k.
12
Suppose 0*d - 4*d - 5*a = -19, d - 10 = -3*a. Suppose 0*h - 1 = -h. What is the highest common factor of h and d?
1
Let g(z) = z**2 + 3*z - 9. Let b be g(3). What is the highest common factor of b and 99?
9
Suppose 3*l = 5 + 1. Let x be -1 + -3 + l + 169. Suppose 0*k + 3*k + 4*y - x = 0, -y = -4*k + 191. What is the highest common factor of 7 and k?
7
Suppose 0 = -3*z - 4*m + 116, -5*z - 3*m = -160 - 37. Calculate the greatest common factor of 40 and z.
40
Let a = 400 - 285. Suppose -20 - a = -5*m. What is the highest common factor of 9 and m?
9
Suppose 4*q - 4*r + 8*r = 312, 3*q - 255 = 4*r. Let n = -36 + q. What is the greatest common factor of 18 and n?
9
Let p = -14 - -114. What is the highest common divisor of p and 20?
20
Suppose -187 = -5*a + 3*j, 78 = 2*a + j - 3*j. Let r be (-24)/(-40) - 204/(-10). Let p = r + -16. Calculate the greatest common factor of a and p.
5
Let t = 714 - 439. Let a = 408 - t. Calculate the greatest common factor of a and 19.
19
Suppose -2*a = -3*a + 4. Suppose -2*p = a*g - 48, -2*g + 0*g = -2*p + 48. Let c = -4 + 12. Calculate the greatest common factor of c and p.
8
Suppose 20 - 72 = 4*d. Let c = -8 - d. Suppose 0 = -4*a - l + 106, -c*l = -3*a + 2*a + 16. What is the highest common factor of a and 13?
13
Let q be (-2)/7 - (-4 + 310/(-7)). Let l(w) = w + 6. Let a be l(6). Calculate the highest common divisor of q and a.
12
Let r(i) = -i**2 + 6*i - 3. Let m be r(5). Suppose -m*k = -a + 4*a - 29, -k = -4*a - 20. What is the highest common divisor of k and 144?
16
Let q = -14 + 33. Suppose -5*s = -4*o - 871, 0*o - 187 = -s + 4*o. Calculate the greatest common divisor of q and s.
19
Let t = -3 + 5. Suppose -7 = -3*p + t. Suppose p*v = v + 176. What is the greatest common factor of 11 and v?
11
Let r = -14 - -16. Suppose -3*m = -2*o - r*m + 32, 2*m - 20 = -2*o. Calculate the highest common factor of o and 7.
7
Let x = 44 - -11. Suppose -2*k - 8 = 0, 0*k - k - 59 = -5*l. What is the greatest common divisor of l and x?
11
Let a(v) = v**3 - 4*v**2 + 2*v - 3. Suppose t = 10 - 5. Let m be a(t). Calculate the highest common factor of 80 and m.
16
Suppose 3*p + 53 = -5*c - 42, 0 = -c + 5*p - 19. Let h = c - -28. Calculate the highest common factor of h and 9.
9
Let a = 13 + 11. What is the greatest common divisor of 8 and a?
8
Let i(d) be the first derivative of d**2/2 + 9*d - 2. Let f be i(0). Calculate the highest common factor of f and 81.
9
Let a be (-2 - (-450)/24) + 2/8. Let r(f) = -f**2 - f + 17. Let g be r(0). What is the greatest common factor of a and g?
17
Suppose 3*r + 8*g = 3*g + 223, 5*r + 3*g - 393 = 0. What is the highest common divisor of r and 3?
3
Let c(b) = 6*b - 2. Let g be c(3). Let m = -3 + g. Calculate the highest common divisor of m and 104.
13
Suppose 4*w - 9 = -3*v + 8, -3*w - v = -9. Suppose d + 2*o = 5*o + 68, 0 = w*o + 8. What is the greatest common factor of d and 7?
7
Let h(a) = a**3 - 14*a**2 + 3*a + 7. Suppose u - 4 = -2*j, -2*j + 50 = 5*u + 2*j. Let s be h(u). Calculate the greatest common divisor of 7 and s.
7
Let m be 12/18 - (-430)/3. Calculate the greatest common factor of 16 and m.
16
Suppose i - 25 = -4*i. Suppose 5*g = -i + 35. Let d(b) = -b**2 + 9*b - 5. Let x be d(g). Calculate the greatest common factor of x and 143.
13
Let z(s) = -s**2 - 4*s - 1. Let t be z(-3). Suppose -t*w = 8, -4*v = w - 2*w. Let h be (125/15)/(v/(-6)). What is the highest common divisor of 20 and h?
10
Let z be -2*(4 + -3)*-38. Let y = -46 + z. What is the greatest common factor of 75 and y?
15
Let n be (-1074)/(-14) - 2/(-7). Let b be 2/12 - (-49)/(-6). Let a be 8/(-32) + (-58)/b. Calculate the highest common divisor of n and a.
7
Let t = -47 + 61. Calculate the greatest common factor of 2 and t.
2
Let q(z) be the third derivative of z**5/20 - z**4/24 - 2*z**2. Let y be q(1). Let c = 20 - 4. Calculate the greatest common factor of y and c.
2
Let a(b) = -3*b**2 - b - 1. Let r be a(-2). Let x = r - -46. Calculate the greatest common factor of x and 7.
7
Let l be (-3)/(-4) - 1/(-4). Let m be 123/(-5) + 4/(-10). Let w be (l + m)*(-6)/8. Calculate the highest common factor of 6 and w.
6
Let j = -104 + 109. Let d = -2 - 0. Let b(q) = -q**3 - 3*q**2 - 4*q - 3. Let r be b(d). Calculate the greatest common divisor of j and r.
1
Let o(t) = -t**3 - 4*t**2 + 3*t - 6. Let u be o(-5). Suppose -3*d + 2*i = -i - 294, -4 = -u*i. What is the greatest common factor of d and 9?
9
Let v(g) = g**3 - 10*g**2 - 3*g + 3. Let t be v(12). Let k = -167 + t. Calculate the highest common factor of 22 and k.
22
Let b be -1 + (-1 - -1) + 41. What is the highest common factor of b and 24?
8
Let x(b) = b + 1. Let w be x(2). Let l be 1/(3/12) + w. What is the highest common divisor of l and 77?
7
Let u(n) be the third derivative of 11*n**6/30 + n**5/60 - n**4/24 + n**3/6 - 2*n**2. Let d be u(1). Calculate the highest common divisor of 15 and d.
15
Let y(u) = 2*u**3 - 7*u**2 + u + 10. Let r be y(5). Let n be (1 + -2)/(-1 + 0). Let k be (-1*2)/(n/(-18)). What is the greatest common divisor of r and k?
18
Suppose -3*j + 77 = -31. Suppose c = -1, -4*c + 2 = -4*b + 14. Suppose -l + 36 = b*l. What is the greatest common factor of j and l?
12
Let k(d) = -d**2 + 13*d + 6. Let q be k(13). Let l be ((-4)/6)/(1/3). Let o be (1 - 0) + 3 + l. Calculate the highest common factor of q and o.
2
Suppose 3*u + f - 47 = 0, -3*u + 2*f + 67 = -2*f. Let r be -2 + (46 - 3)*4. What is the greatest common factor of r and u?
17
Let f be (15/3 - 0)*(-2 + 9). What is the highest common divisor of 105 and f?
35
Suppose 3*y - 7*y + 36 = 2*j, 5*j = -2*y + 10. Calculate the highest common divisor of y and 30.
10
Let f(p) = 72*p**3 + p**2 - p - 1. Let q be f(-1). Let n = -1 - q. What is the highest common factor of 14 and n?
14
Supp